test common divisor of 15 and l?
5
Let a(r) = -r**3 - 9*r**2 - 7*r - 13. Let h be a(-9). Calculate the highest common divisor of 75 and h.
25
Suppose 0 = 5*z - 4*s - 158, 2*z - 12 = -s + 46. Let b = -13 + z. Calculate the highest common factor of b and 51.
17
Suppose 3*p = -4*l + 23, 2*p = -l - p + 17. What is the highest common factor of 3 and l?
1
Let y = 317 - 181. Let s(v) = -2*v - 3. Let n be s(-3). Suppose -k + 2*b = -6 - 1, 3*k + n*b = 66. Calculate the greatest common factor of k and y.
17
Let s = 15 + -10. Suppose 0 = s*f - 93 + 33. Suppose -4*w + 18 + 174 = 0. What is the greatest common factor of f and w?
12
Let u be 1*8*(-6 + 5). Let i = -3 - u. What is the greatest common factor of i and 15?
5
Suppose -3*l + 9 + 0 = 0. Let i(k) = 4*k**2 - 1. Let o be i(1). Let r(z) = z**2 - z + 6. Let b be r(o). What is the highest common factor of b and l?
3
Let p = -42 + 51. Calculate the highest common factor of p and 1.
1
Let f = -10 - -20. Suppose 6*o - f = o. Let y(u) = 9*u**2 - 2*u. Let t be y(o). Calculate the greatest common factor of 8 and t.
8
Let w(c) = 2*c - 7. Let t be w(7). Let b = 15 + -8. Calculate the highest common divisor of b and t.
7
Let m = -17 + 1. Let s = m - -44. Let h = 178 + -171. What is the highest common divisor of h and s?
7
Let s(i) = -19*i - 55. Let z be s(-6). What is the highest common divisor of 118 and z?
59
Let l(f) = -f**2 + 9*f + 2. Let s be l(8). Suppose -38 = -3*c + s. What is the highest common divisor of c and 2?
2
Suppose -2*v - 3*v = -90. Let x be (-12)/(-9) + (-2)/(-3). Suppose x*a + 18 = 4*a. What is the greatest common divisor of a and v?
9
Let g be (-65)/5*-17 - -4. What is the greatest common divisor of g and 25?
25
Suppose 5*a + 2*g = 72 + 22, 0 = -3*a - g + 57. What is the highest common divisor of 5 and a?
5
Let z = -103 + 175. Suppose l - 28 = z. What is the highest common divisor of l and 10?
10
Let j = 72 - 68. What is the greatest common factor of j and 3?
1
Suppose h - 15 - 5 = 0. Let z be (0 - 8/10) + 57856/320. Calculate the greatest common divisor of z and h.
20
Let g = 18 + 11. What is the greatest common divisor of 87 and g?
29
Let u = -26 + 48. Calculate the highest common divisor of u and 33.
11
Let q(a) = -a**2 + 6*a + 7. Let j be q(6). What is the greatest common divisor of 7 and j?
7
Let w(b) = -b**3 + 5*b**2 - 5*b + 2. Let a be w(4). Let t be (-3)/((-3)/a*-1). Calculate the highest common factor of 2 and t.
2
Suppose 4*u - 846 = -5*r - 45, 4*r + u = 643. What is the highest common divisor of 23 and r?
23
Let z be ((-968)/11)/(1/(-1)). What is the highest common divisor of z and 22?
22
Suppose -i - 2*j + 11 = -2, -33 = -5*i - 2*j. Suppose -i*q = -523 + 163. Let p be (-44)/(-5) + (-2)/(-10). Calculate the greatest common factor of q and p.
9
Let g be ((-4)/6)/(2/12). Let c(i) = -4*i - 4. Let d be c(g). What is the highest common factor of d and 36?
12
Suppose -1 - 19 = -2*y. Let a be (2 + 3*-1)*0. Let k(w) = w + 20. Let i be k(a). Calculate the greatest common divisor of i and y.
10
Suppose 5*z = 4 + 6. Suppose 4*y + z*b - 32 = 0, 2*y - 4*b = 7 - 1. Calculate the greatest common divisor of 77 and y.
7
Let f be (34/51)/((-2)/(-3)). Let q be 11/f*(-10)/(-2). Calculate the highest common divisor of q and 11.
11
Let o be (-32)/24*3/(-1). What is the highest common factor of o and 1?
1
Let n(g) = 3*g - 101. Suppose -2*l - 3*l = 15. Let q(x) = 2*x - 51. Let r(p) = l*n(p) + 5*q(p). Let y be r(0). What is the greatest common factor of y and 6?
6
Let p be 1/(1/2) - -14. Let y be 165/9 + (-2)/6. Suppose -y = -3*h - 6. Calculate the greatest common divisor of p and h.
4
Suppose -2*t - 535 = -7*t. Let g = t + 5. What is the greatest common factor of g and 16?
16
Suppose b - 43 = 21. Let y = 4 - 4. Let g be (y - 2)/(-2) + 15. Calculate the highest common divisor of b and g.
16
Let d(c) = 9*c**2 + 2*c - 1. Let v be d(1). Let p be v*1*2*1. Let b(t) = -t + 13. Let h be b(9). Calculate the highest common factor of p and h.
4
Suppose 0 = 2*n - 40 - 264. Suppose -56 = 4*d - n. Calculate the highest common factor of d and 16.
8
Let w be 2/(-4) - 17/(-2). Let a(f) = -f**2 + 11*f + 1. Let m be a(11). Let j be 3/m + w - 3. Calculate the greatest common factor of j and 16.
8
Suppose 3*w - 24 = -w. Suppose -4*r = -l + 3*l - 20, 4*l - 32 = -4*r. What is the greatest common factor of l and w?
6
Let a(o) = 3*o**2 + 3*o + 2. Let b be a(2). Calculate the highest common factor of b and 70.
10
Suppose b = t - 2*t + 155, -t + 150 = -4*b. Calculate the highest common factor of t and 22.
22
Suppose 2*f - f - 75 = 0. Suppose -3*y + f = 2*y. What is the greatest common divisor of y and 45?
15
Let t(r) = 3*r**3 - 2*r**2 + r. Let k be t(2). Calculate the greatest common factor of k and 18.
18
Let h be 8/(-6)*(3 - -1)*-6. Let n be (-2)/(1*-2) + 79. What is the greatest common factor of n and h?
16
Suppose 0 = 3*k + 5 - 32. Suppose -87 = -4*w + 3*y, 0 = -2*w - 5*y + 6 + 5. Calculate the greatest common factor of w and k.
9
Suppose 11*c + 110 - 495 = 0. What is the greatest common divisor of c and 14?
7
Suppose 0 - 12 = -4*r. Suppose -r*k + 4*k - 4 = -i, 2*i - 20 = -5*k. What is the greatest common divisor of 28 and k?
4
Let h be (-9)/6 - (-85)/10. What is the greatest common divisor of h and 21?
7
Let c = -4 - -20. Suppose -4*q - c = -5*q. Suppose 0*w = -2*l + w + 253, -6 = -2*w. What is the greatest common factor of l and q?
16
Let l = 23 - 6. What is the highest common divisor of l and 34?
17
Let j(q) = 2*q**2 + 7*q + 8. Let n be j(-3). Suppose -2*g = -3 - 7. Calculate the highest common factor of n and g.
5
Let l = 179 + -122. Calculate the highest common factor of l and 627.
57
Suppose w + 80 = 6*w. Let t(c) = c**2 - 3*c. Let k be t(4). Suppose 0 = k*d + d - 20. Calculate the greatest common factor of d and w.
4
Let k(b) = -b**3 + 8*b**2 + 1. Let s be k(8). Suppose -a + 4*o - s = 0, 0 = -2*a - 2*o - 2*o + 46. What is the highest common divisor of a and 120?
15
Let h be (-2)/3*(-54)/12. What is the greatest common factor of 3 and h?
3
Let x = -10 - -18. Calculate the greatest common factor of x and 16.
8
Let r be ((-110)/(-10))/(2/4). Calculate the greatest common factor of 2 and r.
2
Let c be ((2 - 0) + 14)/1. Suppose -3*p - j = -10, -3*p + c = -3*j + j. Let z be 3*p/(-6) + 22. Calculate the highest common factor of 8 and z.
4
Let l = 0 - -2. Suppose -l - 8 = -2*d. Suppose -4*p = 2*j - 7*j - 1, -d*j = -3*p - 3. What is the greatest common factor of j and 3?
3
Let i(w) = -w**2 - w + 2. Let f be i(0). What is the highest common factor of f and 9?
1
Let j = 15 + -7. Suppose 3*n + j = -n. Let h(d) = 28*d**2 + 2*d + 2. Let t be h(n). Calculate the highest common divisor of t and 44.
22
Let z = 12 - 8. Suppose 0*l + 16 = z*l. Calculate the highest common divisor of l and 36.
4
Suppose -5*i + 12 + 43 = 0. What is the greatest common divisor of i and 88?
11
Suppose 4*k = 5*j - 59 + 14, 0 = 2*k - j + 15. Let o = k - -6. Calculate the greatest common factor of o and 8.
1
Let k = -7 - -12. Let s be (-1 - -2) + 2 + -4. Let h be s + (k + -1)*4. Calculate the greatest common factor of h and 135.
15
Let z be 12/4 - (-1)/1. Suppose f + 120 = z*f. What is the greatest common factor of 5 and f?
5
Let r be ((-20)/16)/((-1)/92). Suppose 5*y - r - 160 = 0. Let w = 4 - -1. Calculate the greatest common factor of w and y.
5
Suppose -5*j = -2*r - 0*r + 21, -r + 12 = -3*j. Let g = 4 - j. Suppose 63 = -4*w + 5*w. What is the highest common factor of w and g?
7
Let t(d) be the second derivative of -d**4/12 + 7*d**3/6 - d**2 - 2*d. Let i be 0 - (-3)/(9/15). Let u be t(i). What is the greatest common divisor of u and 24?
8
Suppose 2*x + 16 - 296 = 0. Suppose -16 = -r + 4*q - 4, -76 = -4*r + 2*q. Calculate the greatest common divisor of x and r.
20
Let i = -65 - -66. Calculate the highest common divisor of 5 and i.
1
Let n(d) = d**2 + d. Let p be n(-1). Suppose p = 3*g + 2*q - 36, 4*q + q = 5*g - 85. What is the highest common divisor of 112 and g?
14
Suppose 6*j - 2*j + 100 = 4*t, 3*j = -3*t + 87. Let u be 2/(12/9 - (-20)/(-30)). Calculate the highest common factor of u and t.
3
Suppose -p - 6 = p. Let j be p - (0 - (19 + -4)). What is the greatest common divisor of j and 12?
12
Let l(v) = v**3 + 7*v**2 - 11*v - 10. Let z be l(-8). What is